se 7, what is 6 - -1360?
1366
In base 5, what is 1402 + 20?
1422
In base 14, what is 27d + -b?
272
In base 8, what is -13 - -26?
13
In base 10, what is 56 + 28?
84
In base 16, what is 1f + 1?
20
In base 6, what is -1303 + -4?
-1311
In base 7, what is -205 + -2?
-210
In base 5, what is 14 + 2323?
2342
In base 4, what is 331230 + 1?
331231
In base 5, what is -20 - -102?
32
In base 13, what is -8 - 415?
-420
In base 10, what is 0 - -14?
14
In base 16, what is 9 + -4?
5
In base 11, what is -4 + 59?
55
In base 3, what is 11112202 - -11?
11112220
In base 9, what is 3 - -3727?
3731
In base 2, what is -10110 - 10?
-11000
In base 7, what is -1605 - 2?
-1610
In base 4, what is 11012 + -1?
11011
In base 12, what is -14 + 2?
-12
In base 8, what is -4 - 1701?
-1705
In base 16, what is -5 + 17?
12
In base 14, what is -18d2 + 3?
-18cd
In base 9, what is -1 + -5?
-6
In base 6, what is -41042 + 2?
-41040
In base 10, what is -8 + 103?
95
In base 14, what is -51c + 6?
-516
In base 14, what is -3 - 7?
-a
In base 12, what is 5 + 77?
80
In base 6, what is -5 + -1?
-10
In base 12, what is 0 - -142?
142
In base 6, what is -5 + 110?
101
In base 10, what is -131 + 2?
-129
In base 4, what is -131111 - -1?
-131110
In base 5, what is -2300 + -2?
-2302
In base 6, what is 142125 + 2?
142131
In base 14, what is 77d + 1?
780
In base 7, what is 10 - 3?
4
In base 10, what is 3 + -1059?
-1056
In base 7, what is -1 + -1662?
-1663
In base 2, what is -101000 + 1100?
-11100
In base 9, what is 1 - -413?
414
In base 16, what is d6f + 0?
d6f
In base 10, what is -48 + -10?
-58
In base 12, what is -31 - -105?
94
In base 8, what is 22476 - 0?
22476
In base 14, what is -192 - 2?
-194
In base 16, what is 1 + -185?
-184
In base 13, what is 3 - -62?
65
In base 15, what is 2 + -4b?
-49
In base 15, what is -3 - -6dd?
6da
In base 11, what is -9 + -139?
-147
In base 8, what is -2 - 30?
-32
In base 7, what is 4 + -131?
-124
In base 5, what is -232 + 4?
-223
In base 8, what is 1 + 262?
263
In base 16, what is -1 - -16fd?
16fc
In base 10, what is 163 - -5?
168
In base 11, what is 367 + 5?
371
In base 5, what is -3 + -1014?
-1022
In base 6, what is -2040 + -5?
-2045
In base 10, what is 2 + 56?
58
In base 5, what is 334 - 2?
332
In base 2, what is -111011 - 0?
-111011
In base 11, what is -1 - 1336?
-1337
In base 2, what is -101 + -1011101110?
-1011110011
In base 14, what is 50 - -7?
57
In base 7, what is 1 - -111?
112
In base 3, what is 102 - -211?
1020
In base 5, what is 1320 - -2?
1322
In base 14, what is -7 + 13?
a
In base 6, what is 53 - 45?
4
In base 9, what is 1 - 107?
-106
In base 7, what is 64 + 15?
112
In base 9, what is -1424 + 0?
-1424
In base 13, what is 5 + -2?
3
In base 2, what is -110 + -1001110?
-1010100
In base 12, what is 3 + -202?
-1bb
In base 7, what is 34 - 5?
26
In base 7, what is -5 - 6113?
-6121
In base 11, what is 1a14 - -9?
1a22
In base 11, what is 95 + 0?
95
In base 3, what is 12 - 122?
-110
In base 8, what is 1 - 3137?
-3136
In base 2, what is 111 - 10011?
-1100
In base 10, what is -13 + -16?
-29
In base 4, what is 110 - 10?
100
In base 11, what is -7 + 904?
8a8
In base 10, what is 45 + -5?
40
In base 7, what is -16 - -145?
126
In base 6, what is 11 + 5?
20
In base 11, what is 1 + 316?
317
In base 12, what is 2b + -87?
-58
In base 8, what is 21025 + 1?
21026
In base 6, what is -14 - -22?
4
In base 7, what is 1 + 111?
112
In base 5, what is -203 - 0?
-203
In base 11, what is -1 + 331?
330
In base 9, what is -25 - 23?
-48
In base 2, what is 1 + -100011100?
-100011011
In base 8, what is -5 + 6?
1
In base 11, what is 139 - -4?
142
In base 9, what is -671 + 5?
-665
In base 7, what is 10 + 236?
246
In base 3, what is 12022 - 2?
12020
In base 7, what is 3 - 100?
-64
In base 10, what is -2 - 233?
-235
In base 9, what is 5 + -1446?
-1441
In base 7, what is -3 - -2300?
2264
In base 2, what is 1 + 0?
1
In base 8, what is 172 + 4?
176
In base 14, what is -3 + -24?
-27
In base 5, what is -423 + 4?
-414
In base 3, what is 10211 + 101?
11012
In base 13, what is b - 10?
-2
In base 15, what is 3d + -39?
4
In base 9, what is 451 - 5?
445
In base 12, what is 2 - 11a2?
-11a0
In base 5, what is -10 + -102221?
-102231
In base 7, what is -5 - -2405?
2400
In base 3, what is -1201 - -12?
-1112
In base 14, what is 54 + 1?
55
In base 8, what is -3134 - -2?
-3132
In base 14, what is -5d8 - 4?
-5dc
In base 7, what is 1135 - -1?
1136
In base 2, what is -10001000010 + 11?
-10000111111
In base 2, what is 1000000110101 - 10?
1000000110011
In base 5, what is -213 + -22?
-240
In base 11, what is -4 - 1a?
-23
In base 2, what is -101100 - -10?
-101010
In base 12, what is -5 - b7b?
-b84
In base 2, what is -110 + -1100000011?
-1100001001
In base 10, what is -278 + 0?
-278
In base 11, what is 4 + 185?
189
In base 13, what is -3 - 31?
-34
In base 4, what is -331 + 1212?
221
In base 4, what is -110211 + 2?
-110203
In base 12, what is 1 + 25b?
260
In base 5, what is 4 + -21320?
-21311
In base 4, what is -2 + 1222?
1220
In base 11, what is -21 - -48?
27
In base 15, what is c8 - 0?
c8
In base 6, what is 1313 - 4?
1305
In base 6, what is 4 + -305?
-301
In base 15, what is 8 - 0?
8
In base 2, what is 101 + -10001010110?
-10001010001
In base 10, what is -17 - -4?
-13
In base 9, what is 130 - -6?
136
In base 8, what is -4215 + 3?
-4212
In base 15, what is 12a - 3?
127
In base 10, what is 3 - 42?
-39
In base 9, what is 5 + -2228?
-2223
In base 4, what is -21013 - -2?
-21011
In base 13, what is 43 - -1?
44
In base 8, what is 2064 + 5?
2071
In base 5, what is -1003 - 4?
-1012
In base 6, what is 3 - -1240?
1243
In base 13, what is -18 + -1?
-19
In base 14, what is -12 + -13?
-25
In base 13, what is -42 - -45?
3
In base 4, what is 113 + -110021?
-103302
In base 11, what is -4 + 5a10?
5a07
In base 4, what is -3 + 220?
211
In base 13, what is -5 - 47b?
-483
In base 12, what is 33 + 33?
66
In base 13, what is -413 - -1a?
-3c6
In base 3, what is 2 + 221?
1000
In base 10, what is 13 - -1090?
1103
In base 14, what is -3 - -3?
0
In base 9, what is -3336 + -2?
-3338
In base 9, what is 8 - -525?
534
In base 6, what is -125 - -555?
430
In base 15, what is 2 + -3b?
-39
In base 11, what is -34a + 3?
-347
In base 2, what is 100011 - 1000101?
-100010
In base 16, what is 2 - 309?
-307
In base 3, what is -10 + -1221?
-2001
In base 16, what is -2a4 + 0?
-2a4
In base 12, what is 242 + -4?
23a
In base 12, what is 3 + -64?
-61
In base 11, what is 1495 - 3?
1492
In base 2, what is 1100111001 - 10011?
1100100110
In base 15, what is 122e - -2?
1231
In base 8, what is -3 + -207?
-212
In base 11, what is -4 - 136?
-13a
In base 2, what is 100 + 10010?
10110
In base 8, what is 3165 + 3?
3170
In base 9, what is -7 - 15?
-23
In base 14, what is 23b + -3?
238
In base 3, what is 1 + -2122?
-2121
In base 7, what is -15 - -6?
-6
In base 13, what is -1348 + -1?
-1349
In base 14, what is 39 - a?
2d
In base 13, what is 5 + 33?
38
In base 11, what is -53 + -3?
-56
In base 6, what is -2 + 201?
155
In base 4, what is -100 - 12223?
-12323
In base 15, what is 5 - 2e8?
-2e3
In base 9, what is 256 - -2?
258
In base 10, what is 1663 + 5?
1668
In base 4, what is -1023013 - -10?
-1023003
In base 6, what is -55 - 3?
-102
In base 13, what is -c - 2?
-11
In base 4, what is -12 - 2001?
-2013
In base 15, what is -1 - -5d?
5c
In base 6, what is -151 + 3?
-144
In base 2, what is 101 - 10100000?
-10011011
In base 3, what is -2210 + 11?
-2122
In base 3, what is -112212 + -201?
-120120
In base 13, what is -28 - 18?
-43
In base 15, what is 5 - -225?
22a
In base 11, what is -595 - 1?
-596
In base 5, what is 320 + 31?
401
In base 4, what is 0 + 230021?
230021
In base 13, what is -18 - 5?
-20
In base 16, what is -5 + 29?
24
In base 10, what is -179 - 6?
-185
In base 13, what is -110 - -12?
-cb
In base 8, what is 321 - -1?
322
In base 11, what is 5 - -37?
41
In base 2, what is 100010011 + -1110?
100000101
In base 5, what is 4 - -21?
30
In base 3, what is -1200 - -11121?
2221
In base 14, what is 8 - -6?
10
In base 13, what is -20 + 8?
-15
In base 16, what is -2b9 + 0?
-2b9
In base 15, what is -3c17 + -2?
-3c19
In base 10, what is 8 - 483?
-475
In base 14, what is -bd - 1a?
-d9
In base 6, what is -3 + 3425?
3422
In base 6, what is 121 + -5?
112
In base 3, what is -10 - -12?
2
In base